nd g?
12
Let k be (-24)/(-108) + 6036/54. What is the greatest common factor of 168 and k?
56
Let o = 638 - 400. Calculate the highest common factor of 112 and o.
14
Suppose 16*c - 14*c - 27 = 5*l, 4*l + 9 = c. What is the greatest common divisor of c and 39?
3
Let g = -190 - -200. Let t(b) be the first derivative of 2*b**3/3 - b**2 - 4*b - 2. Let i be t(-6). What is the highest common divisor of i and g?
10
Let z = 417 - 397. What is the highest common divisor of z and 8?
4
Suppose -4*z + 8 = -12. Suppose -d + 102 = z*d. What is the highest common divisor of 187 and d?
17
Suppose 3*p - p + 2*o = -78, p + 34 = 4*o. Let k be (-4)/(-20) + p/(-10). Suppose 8*m - 96 = k*m. What is the greatest common divisor of m and 6?
6
Suppose -x + s + 195 = 0, -2*x = -0*x + 2*s - 370. What is the greatest common factor of x and 38?
38
Suppose -13*c = -5*c + 696. Let a = c - -187. What is the greatest common factor of a and 5?
5
Let k(l) = -13*l**2 - 102*l - 32. Let d be k(-6). Let j(h) = 36*h. Let y be j(-1). Let v = 64 + y. What is the highest common divisor of v and d?
28
Suppose -66*o + 33 = -165. What is the highest common divisor of o and 8?
1
Let h(z) = -14*z - 3. Let n be h(2). Let g = -29 - n. Suppose -2*a = -4*s + 350, -4*a - 438 = -5*s - g*a. What is the greatest common divisor of 8 and s?
8
Suppose -b + 4 = 0, -3*b + 745 = 3*y + b. Let a = y + -144. Calculate the highest common divisor of a and 11.
11
Suppose -2*c = -4*v + 6, 14 = c + 5*v + 3. Let r = 70 + -40. Suppose 9*f - 4*f - r = 3*h, -f - 2*h = -6. Calculate the highest common factor of f and c.
1
Suppose -3*m + 5*m - 156 = 5*l, -4*l + 65 = m. Suppose -20 - m = -3*g. What is the highest common divisor of 93 and g?
31
Let x(p) = -57*p - 73. Let q be x(-4). What is the greatest common divisor of 62 and q?
31
Suppose 3*b + 4*o - 288 = 93, 4*b - 508 = -3*o. What is the greatest common factor of b and 889?
127
Suppose 12*n - 5726 + 2162 = 0. What is the greatest common divisor of 243 and n?
27
Suppose -4*z = 2*c - 14, 9 = c + 3*z - 1. Let u(o) be the third derivative of 5*o**4/24 - 9*o**2. Let a be u(c). What is the highest common divisor of 55 and a?
5
Let h(c) = 6*c**2 + 1. Let f be h(2). Let z = 24 - f. Let r = 5 - z. What is the greatest common divisor of r and 30?
6
Suppose -4*d + 3*f + 726 = 150, d = 5*f + 144. What is the highest common divisor of 192 and d?
48
Suppose 106*y - 307 - 11 = 0. Let a = 15 + -21. Let g = 6 - a. Calculate the greatest common factor of y and g.
3
Let b(h) = 150*h - 99. Let k be b(4). Calculate the greatest common divisor of 3 and k.
3
Suppose -2*m + 5*z - 19 + 71 = 0, -3*m + z = -52. What is the highest common factor of 32 and m?
16
Suppose z - 24 = -k, 0 = 4*z + 5*k - 78 - 23. Suppose z = 8*b - 101. What is the highest common factor of 15 and b?
15
Let u(l) = 620*l**2 + 13*l + 4. Let m be u(-1). Calculate the greatest common factor of m and 13.
13
Suppose 34*j = 24*j + 3640. What is the highest common divisor of j and 28?
28
Let p be (-2)/((-1)/(13/(-2))). Suppose 7*w + 151 = -17. Let b = p - w. Calculate the highest common factor of 55 and b.
11
Suppose 4*u - 96 = -4*q, -3*u + 8*u + 42 = q. What is the greatest common factor of q and 4833?
27
Let g be 44/5 + (-1)/(-5). Let l = 11 - g. Suppose l - 14 = -b. What is the highest common divisor of b and 48?
12
Let j be (7 + (-135)/21)*21. Suppose 0 = -2*a - 9 + 33. Calculate the highest common factor of j and a.
12
Suppose 40 = 20*d - 180. Calculate the greatest common factor of d and 583.
11
Let c be 6 - -1 - (7 - 6). What is the highest common factor of c and 33?
3
Let p be 2 - (3 + -1) - 2. Let z be 306/24 - p/8. Suppose -2*m - 2*c = -0*m - 84, 0 = m + 5*c - 54. Calculate the highest common factor of m and z.
13
Let n(q) = 9*q**2 - 37*q - 10. Let t be n(5). Calculate the highest common divisor of t and 240.
30
Suppose 0 = 2*k - 20*j + 24*j - 6, j = 0. Let s be ((-3)/(-6)*1)/(4/8). Calculate the greatest common divisor of k and s.
1
Suppose 2*s + 2 = g - 3, 3*g + 5*s = 26. Suppose -g*x + 59 = -53. Calculate the greatest common divisor of 16 and x.
16
Let t = -10 - -11. Suppose -4*c + 3 + t = 0, -4*i + 3*c - 3 = 0. Suppose o = 4*u - i*o - 52, 0 = -3*u + 3*o + 48. What is the highest common factor of u and 8?
4
Suppose 0 = -2*s - 3*a + 1 - 4, -4*a = 4*s - 4. What is the greatest common factor of s and 192?
6
Let k(q) = 37*q**3 - 2*q**2 + q + 2. Let v be k(2). Calculate the highest common divisor of 4 and v.
4
Let h be (-80)/(-100) - 52/(-10). Suppose -3*m + 105 + 46 = -5*g, 67 = m - 5*g. What is the highest common factor of h and m?
6
Suppose -51*p + 6562 + 9044 = 0. Calculate the highest common factor of 18 and p.
18
Let b = 28 + -22. Suppose b*d - 23 = 97. What is the greatest common divisor of 50 and d?
10
Let l(g) = 3*g**2 + 4*g + 14. Let u = -4 - 10. Let q = u - -8. Let v be l(q). What is the greatest common divisor of 14 and v?
14
Suppose -3*i - 2*j = -484, -5*i + 2*i - j + 485 = 0. Suppose 4*m + 10 - i = 0. Let b = m - -10. Calculate the greatest common divisor of 72 and b.
24
Suppose -z + 20 = -3*z. Let q(i) = -6*i - 32. Let u be q(z). What is the greatest common divisor of u and 7?
7
Suppose -4*x + 1115 = 3*o - 76, x = 4*o + 274. Suppose -x = 3*y - 5*y. Suppose 2*l - 3 = 5*l, -26 = -u + 5*l. Calculate the highest common factor of u and y.
21
Let a = 670 + -661. What is the greatest common factor of 1845 and a?
9
Suppose 313*g + 75 = 316*g. Let k(f) = 2*f**2 + 10*f + 5. Let t be k(-5). What is the greatest common divisor of t and g?
5
Suppose 7*l - 48 = 4*l. Let j be ((-10208)/(-462) + -22)*21. Calculate the greatest common divisor of j and l.
2
Let b be -8*2/(4/(-3)). Suppose 53*j - 357*j + 40128 = 0. Calculate the highest common factor of j and b.
12
Let q(c) = -c + 2. Let f be q(2). Suppose b - 101 - 152 = f. Calculate the greatest common factor of b and 23.
23
Let b be 1 - -1 - (-1)/(2/114). Let h = b + -50. Suppose -6*g + 108 = -2*g. Calculate the greatest common divisor of g and h.
9
Suppose 0*q - q = 5*f - 478, -200 = -2*f + 4*q. Let r = 326 - 314. Calculate the highest common factor of r and f.
12
Let l = -100 + 140. Calculate the greatest common divisor of l and 140.
20
Let x be -4 + 138*4/(-60)*-5. What is the greatest common factor of x and 56?
14
Suppose 0 = f - 6*f + 50. Let y(b) = 2 - 65*b + 41*b + 3 - b**2. Let i be y(-19). What is the highest common divisor of f and i?
10
Suppose 330 = 31*y - 26*y. Calculate the highest common divisor of y and 33.
33
Let p(v) = 4*v**2 + 22*v + 8. Let z be ((-2)/(-2) - 4)/(9/30). Let c be p(z). What is the greatest common factor of 47 and c?
47
Let p(u) be the second derivative of 3*u**4 - u**2/2 - 3*u. Let l be p(-2). Let c be (-7 + 6)*(-13)/1. What is the greatest common factor of l and c?
13
Let h be 3/(-3*2/(-18)). Let r be (-1)/((-21)/14) - 25/(-3). What is the greatest common factor of r and h?
9
Let x = -1 - -6. Let i = 9 - 4. Suppose 5*q = -i*a + 10 + 60, 5*a - 70 = x*q. Calculate the greatest common divisor of a and 7.
7
Let x(t) = -t**2 + t + 4. Let z be x(2). Suppose -5*w + 3*w + 9 = u, z*u + w = 18. Let m = 18 - u. Calculate the greatest common factor of m and 18.
9
Let k be (4/(-6))/(3/(-18)). Suppose 3*b = k*o - 400, -o = -4*o - 3*b + 300. Calculate the highest common divisor of o and 25.
25
Suppose -26*o + 22*o - 20 = -2*u, -3*u + 48 = 3*o. What is the highest common divisor of 3794 and u?
14
Let a = -462 + 574. Calculate the highest common factor of 176 and a.
16
Let k be (((-84)/16)/7)/(13/(-104)). Suppose -2*i = -25 - 11. Calculate the highest common factor of k and i.
6
Let v(x) = -1. Let b(d) = -2*d. Let a(w) = -b(w) + 3*v(w). Let k be a(4). Suppose -k*z + 50 = 5. Calculate the highest common factor of z and 81.
9
Let p = -559 - -761. What is the greatest common factor of 4 and p?
2
Suppose z + 3*c = 36, -5*z + 0*c + 250 = c. Suppose -10 = 2*b, -2*p + z = 2*b - b. Calculate the greatest common factor of p and 70.
14
Let w = -33 - -51. Suppose 4*n - w = -2*m - 2, 0 = 4*m - n - 50. Calculate the highest common divisor of 18 and m.
6
Suppose 4*p - p - 546 = 0. Let q be (p/4)/(-7)*-2. Let g be (5/(-20) + -3)*-12. What is the highest common divisor of q and g?
13
Let m = 33 + -33. Suppose m = -4*t + 4*p + 16, -4*t = -2*p - 3*p - 15. What is t